a composite number?
False
Let r(t) be the first derivative of 52*t**2 + 3*t + 6. Is r(2) a composite number?
False
Suppose -5*y = -2*y. Suppose y = -h + 3*k + 67, 0*k - 3*k = 6. Let i = 94 - h. Is i prime?
False
Suppose 0 = -5*l + 4 + 6. Let d(m) = 2*m**2 - 3*m**l - m**3 + m + 26 + 2*m**2. Is d(0) a composite number?
True
Let r(z) = -z**3 - 6*z**2 - 7*z - 9. Let d be r(-5). Let y(v) = 936*v**2 + 4*v - 3. Is y(d) composite?
False
Suppose 0 = 894*z - 887*z - 928123. Is z a prime number?
True
Let y(i) = 370*i**2 + 12*i + 6. Is y(-4) prime?
False
Let d(c) = c**2 - c. Let p be d(1). Suppose -v = -p*v - 877. Is v a composite number?
False
Suppose -4*b + 17960 = -0*b - 4*s, 3*s + 9 = 0. Is b a prime number?
False
Suppose -3*t + 10359 = 5*q - 3789, 0 = -4*t - 2*q + 18878. Is t a prime number?
True
Let k be 10*(-5)/10*(-3)/5. Suppose -2*w - k*r + 283 = -249, -793 = -3*w - 2*r. Is w a composite number?
False
Let u = -14490 + 31063. Is u a composite number?
False
Let w(d) = 233*d + 1. Let p be w(5). Suppose 2*u + v - p = 0, 5*u + 2*v + 497 = 3413. Suppose 2*j - u = -n, -3*n - 3 = -9. Is j composite?
True
Let f = 16 - 12. Suppose -2*t = c - 10, 0 = -f*c - 5*t + 6 + 25. Suppose -c*u - 3*g + 749 = 0, 2*u - 3*g = 467 - 70. Is u a composite number?
False
Let l be -7 + 10 + 11*-2. Let y = -15 - l. Suppose y*j + 53 - 681 = 0. Is j a composite number?
False
Is (-294327)/(-198)*(0 + 2 - 0) a prime number?
False
Let l(j) = 2*j**2 - 12*j - 29. Is l(16) prime?
False
Suppose 0 = -6*z - 11*z - 19669. Is (-1)/2*z*(-38)/(-19) a prime number?
False
Suppose -g + 4*g + 5*o = -13, -5*g + 30 = -2*o. Let p = 9 + -7. Is (p/3)/(g/2454) a composite number?
False
Let p = 11 + -9. Suppose 0 = -p*a + 96 - 270. Is (a/2)/((-9)/12) a prime number?
False
Is (13 + (-88206)/18)/(2/(-39)) prime?
False
Let d = -1195 - -5778. Is d a prime number?
True
Suppose 12*h = 7*h + 15. Suppose -4*r + 2123 = h*i, 2*r + 2*r - 3525 = -5*i. Is i composite?
False
Let i(d) = -258*d**3 - 5*d**2 - 7*d - 1. Let j(v) = -259*v**3 - 4*v**2 - 6*v - 1. Let s(w) = -5*i(w) + 6*j(w). Is s(-1) prime?
False
Suppose r - 1 - 4 = 0. Suppose -3*z = -7*z, -2*z = -r*p + 7775. Is p a prime number?
False
Let d = -1190 + 220. Let y = d + 1649. Is y composite?
True
Suppose 4034 = 5*a - 0*d + d, 3*a - 2426 = 5*d. Suppose 14*p = 11*p + a. Is p prime?
True
Let t = -324 - -1045. Is t a prime number?
False
Let b = 1 - -2. Let q(m) = 2*m**b - 4*m + 8*m - 5*m**2 - 4*m**3 + 1. Is q(-5) a prime number?
False
Suppose 3*u - 3*b = 91602, -10*b - 122148 = -4*u - 9*b. Is u prime?
False
Let t(g) = -g**3 + 3*g**2 - g - 2. Suppose -14 = -4*y + 3*z, -5*z = -4*y + 4 + 14. Let f be t(y). Suppose f = 2*o + 3*o - 1025. Is o prime?
False
Suppose 937 + 1013 = 2*t. Suppose t = 3*r - 0*r. Suppose -r = -5*z + 3*m, -z + 4*m - 65 = -2*z. Is z a composite number?
True
Suppose 90721 + 91912 = 11*z. Is z prime?
True
Suppose 0 = -2*a - 5*w + 2392, a + 0*a - w - 1203 = 0. Is a a prime number?
True
Let o(z) = 2*z**3 - 19*z**2 + 34*z - 113. Is o(18) prime?
True
Let b(o) = 38*o + 13. Let l be b(8). Let g = l - 160. Is g a composite number?
False
Let o(t) = -t**3 + 2*t**2 + 5. Let b be o(0). Let f(l) = 2*l - l - 1 - 7*l + 12*l**2. Is f(b) composite?
False
Let v(g) be the third derivative of g**6/120 - 2*g**5/15 + g**4/6 + g**3/6 + 7*g**2. Let d be v(7). Let q = d - -161. Is q prime?
False
Suppose -2*u - 3*h + 2511 = 256, 4*u = -5*h + 4505. Suppose -u = -3*d + 881. Is d prime?
False
Suppose -50636 - 426 = -22*o. Is o prime?
False
Let u(o) = 15 + 6*o + 21*o**2 - 17*o**2 - 3*o. Let l be u(19). Suppose 5*t = l + 19. Is t prime?
True
Suppose 2*i = 3*z - 366, i + 636 = 5*z + 19. Suppose 7*n - 5*n - z = 0. Suppose -3*q + n = -b, 5*b + 38 = -3*q + 124. Is q a prime number?
False
Let j = -158704 - -238161. Is j a composite number?
True
Let f be 1 - 2*(-1)/2. Suppose -5*w = f*b - 12 - 3, 0 = -3*w + 3. Suppose -b*a + 795 + 175 = 5*l, 2*a - 786 = -4*l. Is l a composite number?
False
Suppose 21021 + 41607 = 12*g. Is g a composite number?
True
Let y = -1 + 3. Suppose 3*r - 2404 = s, 2*r - 2161 = y*s - 561. Let b = 1343 - r. Is b a composite number?
False
Suppose -15099 = -4*d + 3*r, d - 4*r - 3778 = -0*r. Suppose 6*y - 10860 = -d. Is y prime?
True
Suppose -5*c = -7*i + 5*i - 34979, -i - 13991 = -2*c. Is c composite?
False
Suppose -3*v + 4*h + 34 = 0, v + 2*h + 44 = 4*v. Is (-32812)/(-9) - (-4)/v a prime number?
False
Suppose -j + 5 = 5*p, 0 = 6*p - p - 2*j + 10. Suppose -6*k + 4767 + 6207 = p. Is k prime?
False
Suppose 0 = -2*u + 6*u - 2*p - 4414, -5*u + p = -5522. Let h = -552 + u. Is h prime?
False
Let b(r) = -15*r**3 - r**2 + 5*r - 8. Is b(-9) a prime number?
False
Suppose -4 = 2*t - d, -8 = -3*t + 2*d - 4*d. Suppose -g + 5*m - 2*m + 398 = 0, t = -3*m + 15. Is g prime?
False
Let g be -4 - 1/(3 - 10/4). Let t(n) = -3*n**3 - 6*n**2 - 9*n + 5. Is t(g) composite?
False
Is (-8)/4 + 10195 + (0 - 0) composite?
False
Suppose -5*a = 4*x - 2173, 0 = 2*x - 2*a - 213 - 851. Let o be (11 + 1)*30/4. Suppose x = 3*r + o. Is r a prime number?
True
Let w(j) be the first derivative of 199*j**2 - 47*j - 5. Is w(8) a composite number?
False
Let l(t) = t**3 + 6*t**2 - 5*t + 17. Let h be l(-7). Suppose 2*y - 13212 = h*z + 139, 3*y - 20016 = z. Is y a composite number?
True
Is ((-12)/(-3))/(-4)*(-26240 - 21) a composite number?
False
Let c(i) = -70*i**3 - i**2 - 6*i - 43. Is c(-6) composite?
False
Is ((-3173)/(-2) + 5)*10/15 composite?
False
Suppose -5520 = -0*u - 15*u. Let q = -99 + u. Is q composite?
False
Let k = 142 + -140. Suppose -7*q + 1675 = -k*q. Is q a composite number?
True
Suppose -2*p + 2290 = 7488. Let t = -1532 - p. Is t composite?
True
Suppose -30 = -7*k + k. Suppose -1920 = -2*m - 2*g, 0*m = -3*m - k*g + 2870. Is m a composite number?
True
Let i(h) = 3002*h**3 - h**2 + h - 1. Let o be i(2). Is (-24)/156 + (o/13)/1 a composite number?
False
Let i = -1888 + 1137. Let q = i - -1200. Is q a composite number?
False
Let m(u) = 5*u**3 - 21*u**2 + 6. Let g(i) = 3*i**3 - 10*i**2 + 3. Let v(a) = -13*g(a) + 6*m(a). Is v(-2) prime?
False
Let p = 163 - -216. Is p prime?
True
Let j be 2/2*2*16. Is (-2)/(-4) - (-10128)/j a prime number?
True
Suppose 25*d - 199320 - 209005 = 0. Is d prime?
True
Is (-5 + 2 + 19336)*(-2)/(-2) composite?
False
Suppose 8*d - 22197 = 5*d - 3*w, -2*w - 7393 = -d. Is d prime?
False
Suppose 4*c - 3*c = 1726. Let h = c - 911. Is h a composite number?
True
Let y(v) = 3*v + 7546. Let x be y(0). Suppose -m - x = -5*c, 4*m - 5*m = 5*c - 7544. Is c prime?
False
Let y(i) = i**2 + 6*i + 4. Let x be y(-6). Suppose 5*r + 20 = 0, x*r - 6 - 4 = 2*d. Let p = d + 23. Is p prime?
False
Suppose -56 = -6*o + 4. Let r be -10 + 4 - (-1 + -1). Is ((-884)/65)/(r/o) composite?
True
Let b = -88 - -91. Suppose -p + 178 = b*o - 138, 2*p - 602 = 4*o. Is p composite?
False
Let k(t) = 49*t**2 + 33*t - 263. Is k(8) a prime number?
True
Is (26 + -29)/((-3)/47083) a composite number?
True
Let g be 2522/(-8) + (-6)/(-48)*2. Let q = 578 + g. Is q a composite number?
False
Let f(q) = -q**3 - 2*q**2 + 4*q + 4. Let y be f(0). Is (y/(-6))/((-58)/151467) prime?
True
Suppose 10*u = -6*u + 152432. Is u composite?
True
Let d be (-46)/(-4) - (-6)/4. Suppose 11*g - d*g + 1486 = 0. Is g composite?
False
Let l = -3407 - -4893. Is l composite?
True
Let j(m) = -5*m**3 - 6*m**2 - 12*m - 36. Is j(-5) composite?
False
Let q be (-6)/(-8) - (-77)/4. Suppose 5*m + q = 0, -3*m - 2770 = -2*w - 0*m. Is w composite?
True
Let u = 51124 + -25513. Is u a prime number?
False
Let r be 2*2/(-10) - (-450)/(-125). Is 1916/52 + r/(-26) composite?
False
Let q(w) = -3 + 23*w - 12 + 0 - 20*w. Let u be q(6). Suppose 2*g - 78 = -3*p - 31, -u*p + 62 = -g. Is p a composite number?
False
Let u be 4/(-7) - 408/(-28). Let t be u/3 - 60/(-45). Is t/2 + (0 - -34) a composite number?
False
Suppose -13*a + 32733 = -4*a. Is a composite?
False
Let n(o) be the second derivative of o**5/20 + 29*o**4/12 + 11*o**3/3 - 5*o**2/2 - 42*o. Is n(-18) a composite number?
False
Suppose -10*t + 31162 = 4112. Is t a composite number?
True
Let r = 18 + -39. Let z = -23 - r. Is z/(-6 + 4)*347 composite?
False
Let j = -43 + 113. Suppose -271 = -w + j. Let i = w - 130. Is i a prime number?
True
Suppose 0 = 8*q - 5*q + 6. Let r(y) = 512*y**2 - y + 1. Is r(q) composit